{"id":27,"date":"2013-01-14T11:03:00","date_gmt":"2013-01-14T11:03:00","guid":{"rendered":"http:\/\/srv01\/radio\/space\/?page_id=27"},"modified":"2013-01-14T11:03:00","modified_gmt":"2013-01-14T11:03:00","slug":"location","status":"publish","type":"page","link":"http:\/\/www.dj-iceman.com\/index.php\/location\/","title":{"rendered":"Location"},"content":{"rendered":"<p>Hier sind alle Locations aufgelistet in denen ich T\u00e4tig war bzw. bin<\/p>\n<p><strong>KIZE<br \/>\nSUNSET \/ JEEBEE<br \/>\nRainbow<br \/>\nOUT OF Munich<br \/>\nFUN <\/strong><\/p>\n<p>Diverse kleine Veranstaltungen<\/p>\n<p><a title=\"NOX CLUB MUNICH\" href=\"https:\/\/www.facebook.com\/noxclub?fref=ts\" target=\"_blank\">NOX CLUB MUNICH<\/a> Hier ein ganz gro\u00dfen Dank an meinen Mentor <a title=\"DJ-ROMEO\" href=\"https:\/\/www.facebook.com\/romeo.munich\" target=\"_blank\">DJ-ROMEO<\/a> f\u00fcr seine Unterst\u00fctzung<\/p>\n<p><a title=\"INSOMNIA im KN4ST\" href=\"https:\/\/www.facebook.com\/events\/430439060388475\/\" target=\"_blank\">INSOMNIA im KN4ST<\/a><\/p>\n<p><a title=\"DEEP SPACE NIGHT\" href=\"http:\/\/www.deepspacenight.net\" target=\"_blank\">DEEP SPACE NIGHT<\/a><br \/>\n<a title=\"BASS INVADERS\" href=\"http:\/\/www.bass-invaders.info\" target=\"_blank\">BASS INVADERS<\/a><\/p>\n<p><a title=\"Die Mondscheinbar in der M\u00fcnchner Kultfabrik\" href=\"https:\/\/www.facebook.com\/Mondscheinbar\" target=\"_blank\">MONDSCHEINBAR<\/a> in der M\u00fcnchner Kultfabrik HOUSEPARTY immer Donnerstags<\/p>\n<p><a title=\"SOUNDBASE AUGSBURG\" href=\"https:\/\/www.facebook.com\/pages\/Sound-Base\/394161497299492\" target=\"_blank\">SOUNDBASE AUGSBURG<\/a> Veranstalter der HARDBASS \/ STYLE Events in Augsburg<\/p>\n<p><a title=\"CUBEPARADE\" href=\"https:\/\/www.facebook.com\/groups\/650129678351194\" target=\"_blank\">CUBEPARADE<\/a> SOUND OF TECHNO CLASSIX<\/p>\n<p>Diese Liste ist noch nicht komplett wird aber demn\u00e4chst \u00fcberarbeitet!<\/p>\n<div id=\"fb-root\"><\/div><script src=\"http:\/\/connect.facebook.net\/de_DE\/all.js#xfbml=1\"><\/script><fb:like href=\"http:\/\/www.dj-iceman.com\/index.php\/location\/\" send=\"true\" layout=\"standard\" width=\"450\" show_faces=\"true\" font=\"arial\" action=\"like\" colorscheme=\"light\"><\/fb:like>","protected":false},"excerpt":{"rendered":"<p>Hier sind alle Locations aufgelistet in denen ich T\u00e4tig war bzw. bin KIZE SUNSET \/ JEEBEE Rainbow OUT OF Munich FUN Diverse kleine Veranstaltungen NOX CLUB MUNICH Hier ein ganz gro\u00dfen Dank an meinen Mentor DJ-ROMEO f\u00fcr seine Unterst\u00fctzung INSOMNIA im KN4ST DEEP SPACE NIGHT BASS INVADERS MONDSCHEINBAR in der [&hellip;]<\/p>\n","protected":false},"author":1,"featured_media":0,"parent":0,"menu_order":0,"comment_status":"open","ping_status":"open","template":"","meta":{"ngg_post_thumbnail":0,"footnotes":""},"class_list":["post-27","page","type-page","status-publish","hentry"],"_links":{"self":[{"href":"http:\/\/www.dj-iceman.com\/index.php\/wp-json\/wp\/v2\/pages\/27","targetHints":{"allow":["GET"]}}],"collection":[{"href":"http:\/\/www.dj-iceman.com\/index.php\/wp-json\/wp\/v2\/pages"}],"about":[{"href":"http:\/\/www.dj-iceman.com\/index.php\/wp-json\/wp\/v2\/types\/page"}],"author":[{"embeddable":true,"href":"http:\/\/www.dj-iceman.com\/index.php\/wp-json\/wp\/v2\/users\/1"}],"replies":[{"embeddable":true,"href":"http:\/\/www.dj-iceman.com\/index.php\/wp-json\/wp\/v2\/comments?post=27"}],"version-history":[{"count":0,"href":"http:\/\/www.dj-iceman.com\/index.php\/wp-json\/wp\/v2\/pages\/27\/revisions"}],"wp:attachment":[{"href":"http:\/\/www.dj-iceman.com\/index.php\/wp-json\/wp\/v2\/media?parent=27"}],"curies":[{"name":"wp","href":"https:\/\/api.w.org\/{rel}","templated":true}]}}